{"id":19135,"date":"2024-02-20T14:25:14","date_gmt":"2024-02-20T14:25:14","guid":{"rendered":"https:\/\/www.9septembar.com\/?page_id=19135"},"modified":"2024-03-01T12:14:38","modified_gmt":"2024-03-01T12:14:38","slug":"company-copy-copy-3","status":"publish","type":"page","link":"https:\/\/www.9septembar.com\/?page_id=19135&lang=pt","title":{"rendered":"Company PT"},"content":{"rendered":"<div class=\"vgblk-rw-wrapper limit-wrapper\">\r\n<h2>\r\n\t\t40 anos de sucesso\r\n\t<\/h2>\r\n\t<p>A empresa 9.Septembar &#8211; Tissue Converting foi fundada em 9 de setembro de 1982 em Cacak, S\u00e9rvia. Quatro amigos uniram for\u00e7as com uma ideia para melhorar a forma como as linhas de produ\u00e7\u00e3o automatizadas s\u00e3o constru\u00eddas. Come\u00e7aram numa garagem, com muita experi\u00eancia, ideias e sonhos de revolucionar a forma como determinadas ind\u00fastrias produzem os seus produtos.<\/p>\r\n<p>De uma pequena loja, que leva o nome da data de funda\u00e7\u00e3o, torn\u00e1mo-nos numa empresa desenvolvida que actua em prestigiadas feiras europeias e mundiais.<\/p>\r\n\t<p>Desde ent\u00e3o , temos atualizado as nossas opera\u00e7\u00f5es para refletir os desenvolvimentos modernos no paradigma empresarial, constru\u00eddo em torno de padr\u00f5es elevados, melhoria cont\u00ednua e expans\u00e3o da gama de produtos. Mantivemo-nos a par das novas tend\u00eancias e introduzimos novos processos de fabrico e sistemas de qualidade para melhorar a nossa gama de produtos.<\/p>\r\n<p>9.Septembar \u00e9 altamente respeitada e construiu uma forte reputa\u00e7\u00e3o entre parceiros de neg\u00f3cios e clientes em todo o mundo. <strong>Nossas m\u00e1quinas de guardanapos e len\u00e7os s\u00e3o marcas instantaneamente reconhec\u00edveis e se tornaram sin\u00f4nimo de alta qualidade.<\/strong><\/p>\r\n<h3>\r\n\tNossa miss\u00e3o \u00e9 clara\r\n\t<\/h3>\r\n\t<p>Nossa miss\u00e3o \u00e9 motivada pelo desejo de oferecer aos nossos clientes qualidade premium a pre\u00e7os razo\u00e1veis. Acompanhando as tend\u00eancias do mercado para os produtos finais, conseguimos oferecer solu\u00e7\u00f5es inovadoras aos nossos clientes, ajudando-os a se tornarem l\u00edderes de mercado.<\/p>\r\n<h3>\r\n\tNossa vis\u00e3o\r\n\t<\/h3>\r\n\t<p>Nosso principal objetivo \u00e9 garantir que 9. Septembar continua crescendo e se desenvolvendo. Pretendemos expandir a nossa rede produtiva, entrar em novos mercados e manter a lideran\u00e7a no mercado de produtos de papel.<\/p>\r\n<p>Tamb\u00e9m pretendemos crescer internamente e atrair jovens e ambiciosos, especialmente engenheiros, para se juntarem \u00e0 nossa equipe e impulsionar a equipe de desenvolvimento da empresa a atingir o auge da excel\u00eancia. Tamb\u00e9m pretendemos expandir nossas instala\u00e7\u00f5es de produ\u00e7\u00e3o.<\/p>\r\n<h3>\r\n\tEquipe\r\n\t<\/h3>\r\n\t<p>A nossa forte dedica\u00e7\u00e3o \u00e0 qualidade exige um n\u00edvel excepcional de conhecimento e experi\u00eancia, para garantir que estejamos perfeitamente posicionados para satisfazer plenamente a procura do mercado. Por esse motivo, nossos 130 empleados est\u00e3o continuamente melhorando suas compet\u00eancias profissionais.<\/p>\r\n<p>Nossa equipe de desenvolvimento e inova\u00e7\u00e3o inclui 22 engenheiros mec\u00e2nicos e el\u00e9tricos. A sua presen\u00e7a \u00e9 a melhor garantia poss\u00edvel do progresso futuro e do sucesso da nossa empresa. Fornecemos solu\u00e7\u00f5es avan\u00e7adas, gra\u00e7as ao nosso balc\u00e3o \u00fanico com unidades funcionais integradas:<\/p>\r\n\u2022 Projeto e desenvolvimento<br \/>\r\n\u2022 Fabrica\u00e7\u00e3o de todos os tipos de pe\u00e7as de m\u00e1quinas<br \/>\r\n \u2022 Montagem e instala\u00e7\u00e3o<br \/>\r\n\u2022 Venda<br \/>\r\n\u2022 Programa\u00e7\u00e3o e desenvolvimento de software<br \/>\r\n\u2022 Manuten\u00e7\u00e3o<br \/>\r\n\u2022 Suporte t\u00e9cnico 24 horas por dia\r\n\r\n<\/div><!-- .vgblk-rw-wrapper -->","protected":false},"excerpt":{"rendered":"<p>40 anos de sucesso A empresa 9.Septembar &#8211; Tissue Converting foi fundada em 9 de setembro de 1982 em Cacak, S\u00e9rvia. Quatro amigos uniram for\u00e7as com uma ideia para melhorar a forma como as linhas de produ\u00e7\u00e3o automatizadas s\u00e3o constru\u00eddas. Come\u00e7aram numa garagem, com muita experi\u00eancia, ideias e sonhos de revolucionar a forma como determinadas&#8230;<\/p>\n","protected":false},"author":1,"featured_media":0,"parent":0,"menu_order":0,"comment_status":"closed","ping_status":"closed","template":"","meta":{"inline_featured_image":false,"footnotes":""},"class_list":["post-19135","page","type-page","status-publish","hentry"],"yoast_head":"<!-- This site is optimized with the Yoast SEO plugin v18.5.1 - https:\/\/yoast.com\/wordpress\/plugins\/seo\/ -->\n<title>Company PT - 9.septembar<\/title>\n<meta name=\"robots\" content=\"index, follow, max-snippet:-1, max-image-preview:large, max-video-preview:-1\" \/>\n<link rel=\"canonical\" href=\"https:\/\/www.9septembar.com\/?page_id=19135&#038;lang=pt\" \/>\n<meta property=\"og:locale\" content=\"en_US\" \/>\n<meta property=\"og:type\" content=\"article\" \/>\n<meta property=\"og:title\" content=\"Company PT - 9.septembar\" \/>\n<meta property=\"og:description\" content=\"40 anos de sucesso A empresa 9.Septembar &#8211; Tissue Converting foi fundada em 9 de setembro de 1982 em Cacak, S\u00e9rvia. Quatro amigos uniram for\u00e7as com uma ideia para melhorar a forma como as linhas de produ\u00e7\u00e3o automatizadas s\u00e3o constru\u00eddas. Come\u00e7aram numa garagem, com muita experi\u00eancia, ideias e sonhos de revolucionar a forma como determinadas...\" \/>\n<meta property=\"og:url\" content=\"https:\/\/www.9septembar.com\/?page_id=19135&amp;lang=pt\" \/>\n<meta property=\"og:site_name\" content=\"9.septembar\" \/>\n<meta property=\"article:modified_time\" content=\"2024-03-01T12:14:38+00:00\" \/>\n<meta name=\"twitter:card\" content=\"summary_large_image\" \/>\n<meta name=\"twitter:label1\" content=\"Est. reading time\" \/>\n\t<meta name=\"twitter:data1\" content=\"2 minutes\" \/>\n<script type=\"application\/ld+json\" class=\"yoast-schema-graph\">{\"@context\":\"https:\/\/schema.org\",\"@graph\":[{\"@type\":\"WebSite\",\"@id\":\"https:\/\/www.9septembar.com\/#website\",\"url\":\"https:\/\/www.9septembar.com\/\",\"name\":\"9.septembar\",\"description\":\"\",\"potentialAction\":[{\"@type\":\"SearchAction\",\"target\":{\"@type\":\"EntryPoint\",\"urlTemplate\":\"https:\/\/www.9septembar.com\/?s={search_term_string}\"},\"query-input\":\"required name=search_term_string\"}],\"inLanguage\":\"en-US\"},{\"@type\":\"WebPage\",\"@id\":\"https:\/\/www.9septembar.com\/?page_id=19135&lang=pt#webpage\",\"url\":\"https:\/\/www.9septembar.com\/?page_id=19135&lang=pt\",\"name\":\"Company PT - 9.septembar\",\"isPartOf\":{\"@id\":\"https:\/\/www.9septembar.com\/#website\"},\"datePublished\":\"2024-02-20T14:25:14+00:00\",\"dateModified\":\"2024-03-01T12:14:38+00:00\",\"breadcrumb\":{\"@id\":\"https:\/\/www.9septembar.com\/?page_id=19135&lang=pt#breadcrumb\"},\"inLanguage\":\"en-US\",\"potentialAction\":[{\"@type\":\"ReadAction\",\"target\":[\"https:\/\/www.9septembar.com\/?page_id=19135&lang=pt\"]}]},{\"@type\":\"BreadcrumbList\",\"@id\":\"https:\/\/www.9septembar.com\/?page_id=19135&lang=pt#breadcrumb\",\"itemListElement\":[{\"@type\":\"ListItem\",\"position\":1,\"name\":\"Home\",\"item\":\"https:\/\/www.9septembar.com\/?page_id=19116&lang=pt\"},{\"@type\":\"ListItem\",\"position\":2,\"name\":\"Company PT\"}]}]}<\/script>\n<!-- \/ Yoast SEO plugin. -->","yoast_head_json":{"title":"Company PT - 9.septembar","robots":{"index":"index","follow":"follow","max-snippet":"max-snippet:-1","max-image-preview":"max-image-preview:large","max-video-preview":"max-video-preview:-1"},"canonical":"https:\/\/www.9septembar.com\/?page_id=19135&lang=pt","og_locale":"en_US","og_type":"article","og_title":"Company PT - 9.septembar","og_description":"40 anos de sucesso A empresa 9.Septembar &#8211; Tissue Converting foi fundada em 9 de setembro de 1982 em Cacak, S\u00e9rvia. Quatro amigos uniram for\u00e7as com uma ideia para melhorar a forma como as linhas de produ\u00e7\u00e3o automatizadas s\u00e3o constru\u00eddas. Come\u00e7aram numa garagem, com muita experi\u00eancia, ideias e sonhos de revolucionar a forma como determinadas...","og_url":"https:\/\/www.9septembar.com\/?page_id=19135&lang=pt","og_site_name":"9.septembar","article_modified_time":"2024-03-01T12:14:38+00:00","twitter_card":"summary_large_image","twitter_misc":{"Est. reading time":"2 minutes"},"schema":{"@context":"https:\/\/schema.org","@graph":[{"@type":"WebSite","@id":"https:\/\/www.9septembar.com\/#website","url":"https:\/\/www.9septembar.com\/","name":"9.septembar","description":"","potentialAction":[{"@type":"SearchAction","target":{"@type":"EntryPoint","urlTemplate":"https:\/\/www.9septembar.com\/?s={search_term_string}"},"query-input":"required name=search_term_string"}],"inLanguage":"en-US"},{"@type":"WebPage","@id":"https:\/\/www.9septembar.com\/?page_id=19135&lang=pt#webpage","url":"https:\/\/www.9septembar.com\/?page_id=19135&lang=pt","name":"Company PT - 9.septembar","isPartOf":{"@id":"https:\/\/www.9septembar.com\/#website"},"datePublished":"2024-02-20T14:25:14+00:00","dateModified":"2024-03-01T12:14:38+00:00","breadcrumb":{"@id":"https:\/\/www.9septembar.com\/?page_id=19135&lang=pt#breadcrumb"},"inLanguage":"en-US","potentialAction":[{"@type":"ReadAction","target":["https:\/\/www.9septembar.com\/?page_id=19135&lang=pt"]}]},{"@type":"BreadcrumbList","@id":"https:\/\/www.9septembar.com\/?page_id=19135&lang=pt#breadcrumb","itemListElement":[{"@type":"ListItem","position":1,"name":"Home","item":"https:\/\/www.9septembar.com\/?page_id=19116&lang=pt"},{"@type":"ListItem","position":2,"name":"Company PT"}]}]}},"jetpack_sharing_enabled":true,"_links":{"self":[{"href":"https:\/\/www.9septembar.com\/index.php?rest_route=\/wp\/v2\/pages\/19135","targetHints":{"allow":["GET"]}}],"collection":[{"href":"https:\/\/www.9septembar.com\/index.php?rest_route=\/wp\/v2\/pages"}],"about":[{"href":"https:\/\/www.9septembar.com\/index.php?rest_route=\/wp\/v2\/types\/page"}],"author":[{"embeddable":true,"href":"https:\/\/www.9septembar.com\/index.php?rest_route=\/wp\/v2\/users\/1"}],"replies":[{"embeddable":true,"href":"https:\/\/www.9septembar.com\/index.php?rest_route=%2Fwp%2Fv2%2Fcomments&post=19135"}],"version-history":[{"count":2,"href":"https:\/\/www.9septembar.com\/index.php?rest_route=\/wp\/v2\/pages\/19135\/revisions"}],"predecessor-version":[{"id":19137,"href":"https:\/\/www.9septembar.com\/index.php?rest_route=\/wp\/v2\/pages\/19135\/revisions\/19137"}],"wp:attachment":[{"href":"https:\/\/www.9septembar.com\/index.php?rest_route=%2Fwp%2Fv2%2Fmedia&parent=19135"}],"curies":[{"name":"wp","href":"https:\/\/api.w.org\/{rel}","templated":true}]}}