{"id":19202,"date":"2024-02-21T15:48:53","date_gmt":"2024-02-21T15:48:53","guid":{"rendered":"https:\/\/www.9septembar.com\/?page_id=19202"},"modified":"2024-03-01T11:55:14","modified_gmt":"2024-03-01T11:55:14","slug":"aftersales-services-pt","status":"publish","type":"page","link":"https:\/\/www.9septembar.com\/?page_id=19202&lang=pt","title":{"rendered":"Aftersales Services PT"},"content":{"rendered":"<div class=\"vgblk-rw-wrapper limit-wrapper\">\r\n<h2>\r\n\tNosso <br \/><strong>Servi\u00e7o<\/strong>\r\n\t<\/h2>\r\n\t<p>Estamos juntos nisso, dedicados a manter o mais alto n\u00edvel de confian\u00e7a em nossos produtos com um servi\u00e7o p\u00f3s-venda eficiente, profissional e atento.<\/p>\r\n\t<a href=\"#service\" target=\"_self\" role=\"button\" rel=\"noopener\">\r\n\t\t\t\t\tVer mais\r\n\t<\/a>\r\n<h2>\r\n\tPe\u00e7as de reposi\u00e7\u00e3o<br \/><strong>e suporte on-line<\/strong>\r\n\t<\/h2>\r\n\t<p>Nosso objetivo \u00e9 fornecer servi\u00e7o p\u00f3s-venda 24 horas por dia, 7 dias por semana, e garantimos que estamos usando apenas os componentes mais sofisticados de parceiros de renome mundial.<\/p>\r\n\t<a href=\"#serviceparts\" target=\"_self\" role=\"button\" rel=\"noopener\">\r\n\t\t\t\t\tVer mais\r\n\t<\/a>\r\n<h2>\r\n\tTreinamento <br \/><strong>de clientes<\/strong>\r\n\t<\/h2>\r\n\t<p>\u00c9 muito importante que o novo equipamento de alta qualidade seja tratado por operadores capacitados. Estamos juntos nisso e nos dedicamos a permitir o uso de todas as possibilidades da m\u00e1quina.<\/p>\r\n\t<a href=\"#training\" target=\"_self\" role=\"button\" rel=\"noopener\">\r\n\t\t\t\t\tVer mais\r\n\t<\/a>\r\n<h2>\r\n\tNosso<br \/><strong>servi\u00e7o<\/strong>\r\n\t<\/h2>\r\n\t<p>Nosso foco na 9. Septembar Tissue Converting \u00e9 desenvolver a solu\u00e7\u00e3o sob medida perfeita para o seu neg\u00f3cio e manter o mais alto n\u00edvel de confian\u00e7a em nossoss produtos com um servi\u00e7o p\u00f3s-venda eficiente, profissional e atento.<\/p>\r\n<p>Com mais de 60 t\u00e9cnicos e 20 engenheiros de P&#038;D e servi\u00e7os t\u00e9cnicos, nossa empresa garante assist\u00eancia de qualidade para nossas m\u00e1quinas.<\/p>\r\n<p>O servi\u00e7o t\u00e9cnico estruturado incorpora diagn\u00f3sticos de v\u00eddeo interativos eficazes, diagn\u00f3stico e manuten\u00e7\u00e3o presencial, fornecendo servi\u00e7os p\u00f3s-venda, manuten\u00e7\u00e3o preventiva, fornecimento de materiais, interven\u00e7\u00f5es de emerg\u00eancia e suporte &#8220;on-line&#8221;. Este sistema garante os mesmos n\u00edveis de qualidade e efici\u00eancia das linhas de produ\u00e7\u00e3o da 9.Septembar &#8211; Tissue Converting em todo o mundo.<\/p>\r\n<h2>\r\n\tPe\u00e7as de reposi\u00e7\u00e3o<br \/><strong>e suporte de software<\/strong>\r\n\t<\/h2>\r\n\t<p>Ao adquirir a m\u00e1quina de 9. Septembar-Tissue Converting, voc\u00ea receber\u00e1 o <strong>Manual de manuten\u00e7\u00e3o.<\/strong> \u00c9 um guia \u00fatil, que inclui toda a m\u00e1quina dividida em grupos principais e descrita em detalhes . Cada pe\u00e7a da m\u00e1quina \u00e9 marcada e identificada por um n\u00famero, para que voc\u00ea possa encontrar suas informa\u00e7\u00f5es e facilmente fazer um pedido de pe\u00e7as de reposi\u00e7\u00e3o.<\/p>\r\n<p>Al\u00e9m das pe\u00e7as de servi\u00e7o, nossa equipe de servi\u00e7o p\u00f3s-venda se orgulha de seu <strong>suporte de software.<\/strong> Temos um sistema muito eficiente de comunica\u00e7\u00e3o com nossos clientes online, conectando-nos diretamente \u00e0 m\u00e1quina. Somos capazes de atualizar novas vers\u00f5es de software e reprogramar coisas sem precisar estar presente fiscalmente. <strong>O servi\u00e7o remoto<\/strong> \u00e9 um dos recursos de maior economia de custos que oferecemos.<\/p>\r\n<p>Nosso objetivo \u00e9 fornecer <strong>servi\u00e7o p\u00f3s-venda 24 horas por dia, 7 dias por semana e,<\/strong> para garantir isso, usamos os componentes mais sofisticados de parceiros de renome mundial. A maior parte das pe\u00e7as de reposi\u00e7\u00e3o temos dispon\u00edveis nas nossas instala\u00e7\u00f5es, mas em caso de falta, garantimos que sejam enviadas no prazo de 7 a 15 dias \u00fateis (dependendo da especificidade da pe\u00e7a).<\/p>\r\n<p>Utilizamos m\u00e1quinas de \u00faltima gera\u00e7\u00e3o como HAAS, DECKEL e MAHO na produ\u00e7\u00e3o das pe\u00e7as de reposi\u00e7\u00e3o, pois acreditamos que o mais importante para o perfeito funcionamento da m\u00e1quina (al\u00e9m da engenharia) \u00e9 a qualidade das pe\u00e7as que utilizamos.<\/p>\r\n<h2>\r\n\t<strong>Capacita\u00e7\u00e3o<\/strong>\r\n\t<\/h2>\r\n\t<p>Esfor\u00e7amo-nos por satisfazer os nossos actuais e futuros clientes com uma <strong>qualidade excepcional<\/strong> dos nossos produtos, respondendo \u00e0s exig\u00eancias actuais e futuras de um mercado cada vez mais global. A equipe da 9.Septembar trabalha constantemente em melhorias, como o aumento cont\u00ednuo da capacidade, mas tamb\u00e9m da confiabilidade, o que leva \u00e0 implanta\u00e7\u00e3o de equipamentos eletr\u00f4nicos de \u00faltima gera\u00e7\u00e3o e montagens mec\u00e2nicas complexas. Tudo isso requer <strong>operador experiente e educado<\/strong>, treinado para atender e utilizar corretamente a linha de produ\u00e7\u00e3o.<\/p>\r\n<h4><strong>Por que isso \u00e9 importante<\/strong>?<\/h4>\r\n<p>Embora a FORMA\u00c7\u00c3O possa parecer desnecess\u00e1ria para alguns clientes, normalmente verifica-se que este investimento \u00e9 mais justificado e que se paga muito rapidamente. Os clientes investem na produ\u00e7\u00e3o pr\u00f3pria, atrav\u00e9s de uma maior forma\u00e7\u00e3o dos empleados, <strong>considerando que a capacidade e fiabilidade da m\u00e1quina depende enormemente da qualifica\u00e7\u00e3o do operador.<\/strong> \u00c9 muito importante que a alta qualidade dos equipamentos modernos e novos seja administrada por operadores competentes.<\/p>\r\n\r\n<\/div><!-- .vgblk-rw-wrapper -->","protected":false},"excerpt":{"rendered":"<p>Nosso Servi\u00e7o Estamos juntos nisso, dedicados a manter o mais alto n\u00edvel de confian\u00e7a em nossos produtos com um servi\u00e7o p\u00f3s-venda eficiente, profissional e atento. Ver mais Pe\u00e7as de reposi\u00e7\u00e3oe suporte on-line Nosso objetivo \u00e9 fornecer servi\u00e7o p\u00f3s-venda 24 horas por dia, 7 dias por semana, e garantimos que estamos usando apenas os componentes mais&#8230;<\/p>\n","protected":false},"author":1,"featured_media":0,"parent":0,"menu_order":0,"comment_status":"closed","ping_status":"closed","template":"","meta":{"inline_featured_image":false,"footnotes":""},"class_list":["post-19202","page","type-page","status-publish","hentry"],"yoast_head":"<!-- This site is optimized with the Yoast SEO plugin v18.5.1 - https:\/\/yoast.com\/wordpress\/plugins\/seo\/ -->\n<title>Aftersales Services PT - 9.septembar<\/title>\n<meta name=\"robots\" content=\"index, follow, max-snippet:-1, max-image-preview:large, max-video-preview:-1\" \/>\n<link rel=\"canonical\" href=\"https:\/\/www.9septembar.com\/?page_id=19202&#038;lang=pt\" \/>\n<meta property=\"og:locale\" content=\"en_US\" \/>\n<meta property=\"og:type\" content=\"article\" \/>\n<meta property=\"og:title\" content=\"Aftersales Services PT - 9.septembar\" \/>\n<meta property=\"og:description\" content=\"Nosso Servi\u00e7o Estamos juntos nisso, dedicados a manter o mais alto n\u00edvel de confian\u00e7a em nossos produtos com um servi\u00e7o p\u00f3s-venda eficiente, profissional e atento. Ver mais Pe\u00e7as de reposi\u00e7\u00e3oe suporte on-line Nosso objetivo \u00e9 fornecer servi\u00e7o p\u00f3s-venda 24 horas por dia, 7 dias por semana, e garantimos que estamos usando apenas os componentes mais...\" \/>\n<meta property=\"og:url\" content=\"https:\/\/www.9septembar.com\/?page_id=19202&amp;lang=pt\" \/>\n<meta property=\"og:site_name\" content=\"9.septembar\" \/>\n<meta property=\"article:modified_time\" content=\"2024-03-01T11:55:14+00:00\" \/>\n<meta name=\"twitter:card\" content=\"summary_large_image\" \/>\n<meta name=\"twitter:label1\" content=\"Est. reading time\" \/>\n\t<meta name=\"twitter:data1\" content=\"3 minutes\" \/>\n<script type=\"application\/ld+json\" class=\"yoast-schema-graph\">{\"@context\":\"https:\/\/schema.org\",\"@graph\":[{\"@type\":\"WebSite\",\"@id\":\"https:\/\/www.9septembar.com\/#website\",\"url\":\"https:\/\/www.9septembar.com\/\",\"name\":\"9.septembar\",\"description\":\"\",\"potentialAction\":[{\"@type\":\"SearchAction\",\"target\":{\"@type\":\"EntryPoint\",\"urlTemplate\":\"https:\/\/www.9septembar.com\/?s={search_term_string}\"},\"query-input\":\"required name=search_term_string\"}],\"inLanguage\":\"en-US\"},{\"@type\":\"WebPage\",\"@id\":\"https:\/\/www.9septembar.com\/?page_id=19202&lang=pt#webpage\",\"url\":\"https:\/\/www.9septembar.com\/?page_id=19202&lang=pt\",\"name\":\"Aftersales Services PT - 9.septembar\",\"isPartOf\":{\"@id\":\"https:\/\/www.9septembar.com\/#website\"},\"datePublished\":\"2024-02-21T15:48:53+00:00\",\"dateModified\":\"2024-03-01T11:55:14+00:00\",\"breadcrumb\":{\"@id\":\"https:\/\/www.9septembar.com\/?page_id=19202&lang=pt#breadcrumb\"},\"inLanguage\":\"en-US\",\"potentialAction\":[{\"@type\":\"ReadAction\",\"target\":[\"https:\/\/www.9septembar.com\/?page_id=19202&lang=pt\"]}]},{\"@type\":\"BreadcrumbList\",\"@id\":\"https:\/\/www.9septembar.com\/?page_id=19202&lang=pt#breadcrumb\",\"itemListElement\":[{\"@type\":\"ListItem\",\"position\":1,\"name\":\"Home\",\"item\":\"https:\/\/www.9septembar.com\/?page_id=19116&lang=pt\"},{\"@type\":\"ListItem\",\"position\":2,\"name\":\"Aftersales Services PT\"}]}]}<\/script>\n<!-- \/ Yoast SEO plugin. -->","yoast_head_json":{"title":"Aftersales Services PT - 9.septembar","robots":{"index":"index","follow":"follow","max-snippet":"max-snippet:-1","max-image-preview":"max-image-preview:large","max-video-preview":"max-video-preview:-1"},"canonical":"https:\/\/www.9septembar.com\/?page_id=19202&lang=pt","og_locale":"en_US","og_type":"article","og_title":"Aftersales Services PT - 9.septembar","og_description":"Nosso Servi\u00e7o Estamos juntos nisso, dedicados a manter o mais alto n\u00edvel de confian\u00e7a em nossos produtos com um servi\u00e7o p\u00f3s-venda eficiente, profissional e atento. Ver mais Pe\u00e7as de reposi\u00e7\u00e3oe suporte on-line Nosso objetivo \u00e9 fornecer servi\u00e7o p\u00f3s-venda 24 horas por dia, 7 dias por semana, e garantimos que estamos usando apenas os componentes mais...","og_url":"https:\/\/www.9septembar.com\/?page_id=19202&lang=pt","og_site_name":"9.septembar","article_modified_time":"2024-03-01T11:55:14+00:00","twitter_card":"summary_large_image","twitter_misc":{"Est. reading time":"3 minutes"},"schema":{"@context":"https:\/\/schema.org","@graph":[{"@type":"WebSite","@id":"https:\/\/www.9septembar.com\/#website","url":"https:\/\/www.9septembar.com\/","name":"9.septembar","description":"","potentialAction":[{"@type":"SearchAction","target":{"@type":"EntryPoint","urlTemplate":"https:\/\/www.9septembar.com\/?s={search_term_string}"},"query-input":"required name=search_term_string"}],"inLanguage":"en-US"},{"@type":"WebPage","@id":"https:\/\/www.9septembar.com\/?page_id=19202&lang=pt#webpage","url":"https:\/\/www.9septembar.com\/?page_id=19202&lang=pt","name":"Aftersales Services PT - 9.septembar","isPartOf":{"@id":"https:\/\/www.9septembar.com\/#website"},"datePublished":"2024-02-21T15:48:53+00:00","dateModified":"2024-03-01T11:55:14+00:00","breadcrumb":{"@id":"https:\/\/www.9septembar.com\/?page_id=19202&lang=pt#breadcrumb"},"inLanguage":"en-US","potentialAction":[{"@type":"ReadAction","target":["https:\/\/www.9septembar.com\/?page_id=19202&lang=pt"]}]},{"@type":"BreadcrumbList","@id":"https:\/\/www.9septembar.com\/?page_id=19202&lang=pt#breadcrumb","itemListElement":[{"@type":"ListItem","position":1,"name":"Home","item":"https:\/\/www.9septembar.com\/?page_id=19116&lang=pt"},{"@type":"ListItem","position":2,"name":"Aftersales Services PT"}]}]}},"jetpack_sharing_enabled":true,"_links":{"self":[{"href":"https:\/\/www.9septembar.com\/index.php?rest_route=\/wp\/v2\/pages\/19202","targetHints":{"allow":["GET"]}}],"collection":[{"href":"https:\/\/www.9septembar.com\/index.php?rest_route=\/wp\/v2\/pages"}],"about":[{"href":"https:\/\/www.9septembar.com\/index.php?rest_route=\/wp\/v2\/types\/page"}],"author":[{"embeddable":true,"href":"https:\/\/www.9septembar.com\/index.php?rest_route=\/wp\/v2\/users\/1"}],"replies":[{"embeddable":true,"href":"https:\/\/www.9septembar.com\/index.php?rest_route=%2Fwp%2Fv2%2Fcomments&post=19202"}],"version-history":[{"count":4,"href":"https:\/\/www.9septembar.com\/index.php?rest_route=\/wp\/v2\/pages\/19202\/revisions"}],"predecessor-version":[{"id":19283,"href":"https:\/\/www.9septembar.com\/index.php?rest_route=\/wp\/v2\/pages\/19202\/revisions\/19283"}],"wp:attachment":[{"href":"https:\/\/www.9septembar.com\/index.php?rest_route=%2Fwp%2Fv2%2Fmedia&parent=19202"}],"curies":[{"name":"wp","href":"https:\/\/api.w.org\/{rel}","templated":true}]}}